Let d be ((-3)/3)/((-1)/42). What is the highest common factor of d and s?
6
Suppose -5*m + 140 = -0*m. What is the greatest common factor of 7 and m?
7
Let j(r) = -2*r + 2*r**2 - 2*r**3 - 5*r**2 - 4*r**2. Let n be j(-6). Suppose -3*a = a - n. What is the greatest common factor of a and 12?
12
Let q(f) = 2*f + 30. Let o be q(0). Calculate the greatest common factor of o and 30.
30
Let b(u) = 8*u**2 + u - 3. Let y(z) = -7*z**2 - z + 3. Let v(f) = -6*b(f) - 7*y(f). Let a be v(-3). Calculate the greatest common factor of a and 24.
3
Suppose 0 = p - 19 - 0. Let n be ((-209)/(-2))/((-2)/(-4)). Calculate the highest common divisor of p and n.
19
Let q = -43 - -45. Suppose 62 - 14 = 3*n. What is the highest common factor of q and n?
2
Suppose -c = 3*w + 7, 0 = -5*w + 4*c - 2 - 21. Let v be (-12)/4 - w - -112. Calculate the greatest common factor of 14 and v.
14
Let t be (8/(-12))/(2/(-6)). Suppose v + 10 = -4*p, p - 8 = -v - 3. Suppose 2*b = 2*z + z - 140, -t*b + v = 0. What is the greatest common divisor of 20 and z?
10
Let h be (11/(-3))/((-9)/891). What is the greatest common factor of 33 and h?
33
Let b = 45 + -14. Suppose 4*r = 5*s + b, -2*r + 3*s + 13 + 2 = 0. What is the greatest common divisor of r and 72?
9
Let d(n) = n**2 + 5*n - 9. Let c be d(-8). What is the highest common factor of 3 and c?
3
Let l(x) = 2*x**2 + 2*x - 3. Let y be l(2). Let j(b) = b**3 - 9*b**2 + 6*b - 12. Let c be j(y). Calculate the greatest common factor of 63 and c.
21
Let s(h) = -h**2 - 3*h + 3. Let z be s(-3). Let b(x) = 2*x + 4. Let t be b(z). What is the greatest common factor of t and 2?
2
Let w(y) = 2*y**2 - 4*y - 4. Let u be w(-4). Suppose 3*x - 6*x = 0. Suppose x*m - m = -11. Calculate the greatest common divisor of m and u.
11
Let l = -7 - -25. Calculate the highest common divisor of 6 and l.
6
Let f = 47 - 33. Suppose 4*x = 2*x + f. Suppose 2*j + 122 = 2*p, -j = -3*j - 10. What is the highest common divisor of x and p?
7
Let k(i) = i**2 + 4*i - 16. Let b be k(-7). Let f = 11 + 9. Calculate the highest common factor of f and b.
5
Let x(n) = 25*n - 1. Let s be x(1). Calculate the greatest common divisor of s and 6.
6
Let w be 3/(-6)*2*-1. Let g be (-3)/6*(1 + -25). Let h be g*(w - (-14)/4). What is the greatest common divisor of h and 6?
6
Let z = 5 + 22. Let q(v) = 3*v**2 + 9 - 1 - 4*v**2 + 11*v. Let k be q(10). What is the greatest common divisor of k and z?
9
Let l(g) = g**2 + 2*g - 2. Let t be l(-8). Let p = t - 31. What is the greatest common divisor of 15 and p?
15
Let t(w) = w**3 + 6*w**2 - 10*w - 6. Let h be t(-7). Let u = 141 - 81. Calculate the highest common divisor of u and h.
15
Let j(f) = -5*f - 27. Let l be j(-6). Let o be 4 + -2 - 0 - -10. Calculate the highest common divisor of l and o.
3
Suppose 3*o - 5*n - 20 = 0, -5*o + 29 = -2*n + 2. Suppose -o*t = -2*t - 15. What is the greatest common divisor of t and 45?
5
Let h(k) = k**3 + 10*k**2 - k - 2. Let z be h(-10). Let f(n) = 2*n**2 + 6*n - 4. Let o be f(-5). Calculate the greatest common factor of o and z.
8
Let v be 4/(-10) + (-2 - (-687)/5). Calculate the greatest common divisor of 15 and v.
15
Let b be 26/(-6) + (-1)/(-3). Let n be (b + 5)/(1/63). Let a = 29 + -20. Calculate the greatest common divisor of n and a.
9
Let a(p) = p**2 - 13*p + 2. Let x be a(13). What is the greatest common factor of x and 6?
2
Suppose -2*c + 8*c = 204. What is the greatest common divisor of c and 17?
17
Suppose -t - t - 36 = -4*q, 3*q - 27 = t. What is the highest common divisor of q and 72?
9
Let q = 60 - -10. Let l(h) = -h**2 - 9*h - 8. Let w be l(-6). Calculate the highest common divisor of w and q.
10
Let u(q) = -q + 7. Let o be u(6). Let w(d) = d**2 - 7*d + 12. Let l be w(5). Calculate the greatest common factor of o and l.
1
Let x be ((-32)/40)/(2/(-15)). Calculate the greatest common factor of 9 and x.
3
Let f = 384 - 249. What is the greatest common divisor of f and 54?
27
Let h(p) = -p**3 + p**2 + 2*p. Let v be h(-2). Suppose 2*a = 5*d + 4*a - 19, 4*d = 2*a + v. What is the highest common divisor of d and 6?
3
Let a = -205 - -325. Suppose 0 = -f - 3*u + 11, u = -5*f + 9 + 88. Calculate the greatest common divisor of f and a.
20
Let c(k) = -k**2 - 12*k - 12. Let s be c(-10). Let f = s - -8. Calculate the greatest common divisor of f and 40.
8
Suppose 3*q = h + 2, 6*h = h + 5*q + 30. Suppose 0 = 5*u - h*u + 60. Calculate the highest common factor of u and 3.
3
Suppose -4*w = -3*w - 4. Suppose 0 = -2*t - 2*y - 3 + 21, -3*t - w*y + 32 = 0. What is the greatest common factor of t and 2?
2
Let j be 9/2 + (-5)/10. Suppose j*b = 6 + 6. Calculate the greatest common factor of 18 and b.
3
Suppose -4*o - 435 + 167 = 0. Suppose -3*h = 3*x - 4*x, x + 8 = -5*h. Let b be (1 - o) + x + 0. Calculate the greatest common divisor of 13 and b.
13
Suppose 4*h = 2*h + 32. Calculate the highest common factor of h and 16.
16
Let q(u) be the first derivative of 2*u**3/3 + u**2 - 8*u + 1. Let t be q(7). What is the greatest common factor of t and 13?
13
Let n(z) = 2*z + 29. Let d be n(17). Calculate the highest common factor of d and 7.
7
Suppose 6*n - 17 = 5*n. Let y be 3/(-2)*8/(-3). Suppose -y*c + 255 = -c. What is the greatest common factor of n and c?
17
Let p be ((-66)/15)/((-6)/15). What is the greatest common factor of 44 and p?
11
Let c(a) = 7*a. Let l be c(1). Let y = l - 6. What is the greatest common divisor of 4 and y?
1
Suppose -8*w = 81 - 273. Calculate the highest common factor of 40 and w.
8
Suppose -95 = -0*y - 5*y - 4*s, y = 5*s + 48. Let w = y + -14. Calculate the highest common divisor of 3 and w.
3
Suppose -4*x - 38 = -42. Calculate the highest common factor of 11 and x.
1
Suppose 2*f - 80 = -3*f. Suppose 2 = -2*d + 50. Calculate the greatest common divisor of f and d.
8
Suppose 4*h - 63 = 5*i, 5*i = -4*h - 0*i + 73. Suppose 4*p - 5*p + 25 = 0. Let k = p - 8. Calculate the highest common factor of h and k.
17
Let t = -6 + 14. Let v(s) = 9*s. Let g be v(8). Calculate the greatest common divisor of t and g.
8
Suppose 0 = 3*w + 2*u - 47, -2*u = 2*w - 1 - 31. Let o(i) = i + 8. Let a be o(7). What is the highest common divisor of w and a?
15
Let l(p) = -p**3 - 7*p**2 + 7*p - 5. Suppose 3*t + 18 = 2*g, -29 = 2*t + 2*t - g. Let a be l(t). What is the greatest common divisor of a and 1?
1
Let f(i) = -2*i - 1. Let g(a) = -5*a. Let l be g(1). Let o be f(l). What is the greatest common divisor of o and 3?
3
Let g(h) be the first derivative of -h**4/4 - h**3 - h**2 + 3*h - 2. Suppose -7*j - 12 = -3*j. Let k be g(j). Calculate the greatest common factor of k and 45.
9
Let o(r) = r - 12. Let l be o(16). Let w(j) = -18*j + 1. Let i be w(-1). Suppose l*n = i + 33. What is the highest common factor of n and 117?
13
Suppose 3*h + 3*r = -15, -5*h - 20 = 2*r + 2*r. Suppose h = 5*z - 59 - 6. What is the greatest common factor of 39 and z?
13
Let a be 19 + 0 + (2 - 0). Let m(n) = -n**3 + 12*n**2 - 19*n + 4. Let y be m(10). Calculate the highest common divisor of a and y.
7
Let p(c) = -c**3 - 6*c**2 - 3*c - 10. Let i be p(-6). Calculate the highest common divisor of 8 and i.
8
Suppose 0*r = -3*r. Suppose r = 5*t - 0 + 5. Let c be (-2)/t + -3 + 19. What is the greatest common divisor of c and 180?
18
Let m be 5/2*312/65. What is the greatest common divisor of 48 and m?
12
Let v(m) = 7*m**2 - 2*m - 1. Let b be v(-1). Suppose -5*q - 102 = -542. What is the greatest common factor of q and b?
8
Let i = -28 + 35. What is the greatest common factor of 1 and i?
1
Suppose 3*p = 4*p - 11. Calculate the greatest common divisor of 77 and p.
11
Suppose -f = -4*u - 136, -2*u + 287 = 4*f - 329. Suppose 3*z = 26 + 31. What is the greatest common factor of f and z?
19
Let x = -1 - 0. Let a(z) = -z**3 - 5*z**2 - 5*z - 5. Let l be a(-4). Let t be (x - -2)*l + 3. Calculate the highest common divisor of 10 and t.
2
Suppose -s = 2*o - 36, 5*s + o = -3*o + 180. What is the greatest common factor of s and 48?
12
Let i(f) = 3*f**2 + f. Let p be i(1). Suppose -p*h + 120 = h. Calculate the highest common divisor of 96 and h.
24
Let f be 56/10 - 84/(-210). Suppose -3*o = -0*o - 27. What is the greatest common divisor of f and o?
3
Let m be 39*(-8 + 3)/(-5). Calculate the highest common factor of 26 and m.
13
Let j be (-8 - -7)/((-2)/(-4)). Let b be (-